3 + 10*f**2 + 2*f + 14. What is t(g)?
-6
Let y(c) = -4*c**3 - c + 4. Let t(q) = -q**3 - q**2 - q + 1. Let r(f) = 3*t(f) - y(f). Determine r(2).
-9
Let v(s) be the first derivative of s**4/4 + 4*s**3/3 - s**2 + 3*s + 629. Calculate v(-5).
-12
Suppose 1 = -12*l + 13*l. Let j be (l - 2)/(8/(-16)). Let q(o) be the third derivative of o**5/15 - o**4/6 + o**3/2 - 3*o**2. Give q(j).
11
Let x(d) = -14*d**3 + 20*d**2 - 17*d + 8. Let b(w) = -5*w**3 + 7*w**2 - 6*w + 3. Let s(n) = 11*b(n) - 4*x(n). Let o = -1092 - -1094. Calculate s(o).
1
Let h be (-2)/(10 + -19 - -7). Let c(j) = 6*j - 5. Let b(u) = 5*u - 4. Let v(n) = 5*b(n) - 4*c(n). Give v(h).
1
Let k(g) = g**2 - 11*g + 13. Suppose 0 = -34*h + 29*h + 55. Calculate k(h).
13
Suppose 3*o - 12 = -0*o. Let z be 8 + 0 - o - 1. Let j(b) = -1 + b + z - 6. Determine j(0).
-4
Let d(p) be the first derivative of -p**3/3 - 7*p**2/2 + 6*p + 55. Give d(-8).
-2
Let j(d) be the first derivative of -3*d**2/2 - 13*d - 39. Calculate j(-6).
5
Let c be (-32)/(-5 + -3) + (-1)/1. Let z(g) = 0 + 7*g**2 - 9*g**2 - 2*g**3 - c - 2*g - g**2. Suppose -x - q = x, -5*x + 2 = 3*q. Give z(x).
5
Let p(b) = -7*b - b**2 + 6 - 6*b - 12*b + 17*b. Calculate p(-9).
-3
Let x(u) = 4*u + 1. Let d be x(-1). Let b(i) = 2*i**3 + 8. Let n(f) = -4*f**3 - f**2 - 15. Let a(y) = -7*b(y) - 4*n(y). What is a(d)?
-14
Let q(l) = 2*l**2 + 3*l - 3. Suppose 0 = -4*m + 6*m - 6. Suppose -t - 4*k = 0, -5*t - 22 = m*k - 5. Give q(t).
17
Let d(g) = g**3 + 4*g**2 - 7*g - 4. Let b be (-1)/3 - (-80)/15. Let f(v) = -11*v + 3*v - 3 + 1 + b. Let k be f(1). Calculate d(k).
6
Let g be ((-1)/(-2))/((-4)/(-64)). Let r(t) be the second derivative of t**5/20 - 3*t**4/4 + 5*t**3/3 - 6*t**2 + 75*t + 1. Determine r(g).
4
Suppose 4*s = -4*x + 4, -4*x + 2 = s - 8. Suppose -4*z + 2*y - 6 = 0, -z - 2*z + y - x = 0. Let q(g) = -3*g + 2*g + z*g. Calculate q(1).
-1
Let l(o) be the third derivative of -o**6/120 + o**3/6 + 4*o**2. Let z be (-15)/20*3*-4. Let p(d) = -d**2 + 9*d - 1. Let x be p(z). Calculate l(x).
2
Let r(f) = 12*f + 6. Let q be r(-4). Let d = -24 - q. Let a be (-20)/(-6)*d/(-15). Let j(v) = 3*v + 5. Determine j(a).
-7
Let c(q) be the third derivative of -7/6*q**3 + 0*q + 0*q**4 - 4*q**2 - 1/120*q**6 + 0 + 1/60*q**5. Let w(a) = a + 1. Let h be w(-1). Calculate c(h).
-7
Let r(s) = -3*s - 15. Let h be r(-5). Suppose -i + 4*u - 10 = h, i = -i - 2*u. Let k(p) = -p**2 + p - 2. What is k(i)?
-8
Let p(w) = -8*w**2 + w + 3. Let u(m) = m**3 + m + 1. Suppose -15*n + 16*n = 1. Let q(c) = n*p(c) - u(c). Calculate q(-8).
2
Let h = -1184 - -1182. Let b(o) = -2*o**2 - 14*o - 22. Determine b(h).
-2
Let s(w) = w - 8. Let x(m) = 1. Let r be ((-9)/(-6) - -1)/((-2)/(-4)). Let g(j) = r*x(j) + s(j). What is g(0)?
-3
Let v(i) = 4044 - 4034 + 4*i + 0*i. Calculate v(-6).
-14
Let a(s) be the second derivative of s**4/12 + 7*s**3/6 + 2*s**2 - 2*s + 6. Calculate a(-8).
12
Let s(h) be the second derivative of -h**5/20 - h**4/12 + 5*h**3/6 + h**2/2 + 547*h. Calculate s(2).
-1
Let m(k) = -7*k**2 - 17*k - 8. Let l(a) = 9*a**2 + 18*a + 8. Let j(c) = 3*l(c) + 4*m(c). Let z be j(-13). Let r(g) = 3*g - 7. What is r(z)?
8
Let k(g) = g - 2. Let u be k(4). Let s be -3*u/(-6) + 6. Let a(y) = y + 7. Let p(l) = 3*l + 19. Let q(r) = -11*a(r) + 4*p(r). Determine q(s).
6
Let i(r) = 2 - 2*r + r + 4 + 5*r**2 - r**3. Let m = 31 - 46. Let k = -10 - m. Calculate i(k).
1
Let x(t) = -15*t - 1. Suppose -641 = -6*k - 635. Determine x(k).
-16
Suppose 0*z - 2*z - 6 = 3*t, z = 4*t + 19. Suppose 16*h - 10 = 21*h. Let j = z + h. Let u(i) = 8*i. Give u(j).
8
Let b(q) = 3*q + 21. Let s be b(-7). Suppose -3*f = -4*p - 34, -4*p = -s*f - 2*f + 36. Let x(z) = -z + 4. Give x(p).
14
Let k(h) = -3*h - 6. Let u be 300/45*(-30)/4. Let s = u + 45. What is k(s)?
9
Let s be 2688/(-147) - (-4)/14. Let n(a) = -a**3 - 19*a**2 - 18*a + 3. What is n(s)?
3
Let u(x) = x**2 + 13*x - 36. Let w be u(-15). Let f(o) = o - 2. Let m(j) = j - 2. Let i(y) = w*m(y) + 7*f(y). Determine i(5).
3
Let l(i) = 2*i**2 - 5*i - 4. Let u(x) = x**2 - 2*x - 2. Let v(s) = 2*l(s) - 5*u(s). Suppose 0 = 3*y - 4 - 2. Suppose 0 = y*r + 3*r. Determine v(r).
2
Let o(x) = -x**2 + 2*x**3 - 4*x**3 + 3 + 3*x**3 - 6 + 2*x. Let u(j) = j**3 - 2*j**2 + j + 2. Let c be u(2). Suppose n - c = -n. Calculate o(n).
5
Let o(r) = r - 4. Suppose 0 = 3*i - 20 - 25. Suppose 5*l = 5*x - 19 - 6, 5*x - 25 = -5*l. Suppose i = -l*y - 5*y. Determine o(y).
-7
Let x(t) be the third derivative of -t**6/120 - t**5/10 - t**4/24 + 7*t**3/6 - t**2. Let j(o) = -o**3 + 28*o**2 - 6*o + 163. Let r be j(28). Determine x(r).
-13
Let c(f) be the first derivative of 1/24*f**4 - 8 - 2*f**2 + 0*f - 3/2*f**3. Let x(b) be the second derivative of c(b). What is x(0)?
-9
Let v(r) = r - 2. Let p = 98 - 93. Suppose 0 = g - p*u - 0*u + 24, -3*u = -3*g - 12. Give v(g).
-1
Let f(c) be the first derivative of c**4/4 + c**3 - 2*c**2 + c - 135. Determine f(-4).
1
Let b(s) = -2*s**3 - s**2 + 3*s - 3. Let n(c) be the third derivative of c**6/120 + c**5/10 + c**4/24 + 4*c**3/3 + 17*c**2. Let j be n(-6). What is b(j)?
-17
Suppose -100 = -24*l + 20*l. Suppose 5*g = 5*v - 3*v + 5, -2*v + l = 5*g. Let x(o) = o - 3. Calculate x(g).
0
Let p(q) be the first derivative of -13*q**2/2 - 63. Determine p(1).
-13
Let o(b) = b**3 - b + 1. Let k(t) = -7*t**3 - t**2 + 3*t - 3. Let m = 13 + -10. Let a(g) = m*o(g) + k(g). Give a(1).
-5
Let p(f) = -4*f - 4*f + 0*f**2 - f**3 + 6*f + 5 + 3*f**2 - 3. Determine p(2).
2
Let b(a) = -a**3 + a. Let p(y) = 3*y**3 + 3*y**2 - 3. Let z(m) = -2*b(m) - p(m). Let r be -2*6/(-8)*2. Suppose 0 = -x - r. What is z(x)?
9
Let w(z) be the first derivative of -z**4/4 - z**3 + 4*z - 40. What is w(-3)?
4
Let i(n) = -n**3 - 11*n**2 - 10*n + 8. Let k(b) = -26*b + 16. Let q be k(1). What is i(q)?
8
Suppose -17*g + 13*g - 2*z + 24 = 0, -5*g = 3*z - 32. Let u(i) = i**2 - 7*i + 11. Give u(g).
-1
Let h(t) = -7*t + 3. Let u(x) = -15*x + 5. Let m(w) = 5*h(w) - 2*u(w). Let d(r) = -11*r + 11. Let g(v) = 6*d(v) - 13*m(v). Calculate g(-4).
5
Suppose -3*g - 5*q + 3 = 1, 0 = -3*g + 4*q + 47. Let d(l) = -g*l + 1 - 8 - 1 - l**2. Let p(k) = k**3 - 8*k**2 - 8*k - 15. Let w be p(9). Give d(w).
10
Let m be (4 + -1)/(-3)*(-23 + 0). Let l(a) = 13*a**2 - 4 - m*a**2 + 2*a + 13*a**2. Calculate l(-3).
17
Suppose -7*a + 7 = -70. Let r = a - 6. Let s(m) = -m**2 + 7*m - 5. Determine s(r).
5
Let w = 3 - -5. Let b be (-48)/w*(-1)/3. Let d(v) = -v**3 - v**b - 2 - 2 + 7 + 2 - v. What is d(0)?
5
Let l be 0 + (-5 + 0)/1. Let d(y) = -2 - 4*y + 0*y + 5*y - y - 3*y. Give d(l).
13
Let m(j) = 2*j - 17 - 17*j + 17*j**2 + 1794*j**3 - 5 - 1795*j**3. What is m(16)?
-6
Let q = 11 + -12. Let l(d) = -32*d + 1. Determine l(q).
33
Let p(y) = 15*y**3 - 2*y**2 + 0 - 12*y**3 - 6*y**3 + 2. Let a = -19 + 17. What is p(a)?
18
Let g(j) = 7*j**2 - 16*j + 14. Let k(v) = -5*v**2 + 15*v - 11. Let a(c) = 2*g(c) + 3*k(c). Calculate a(13).
-5
Let y(k) = k**2 + 5*k + 3. Suppose -4*n + 4*c = 0, n - 4*c + 10 + 2 = 0. Suppose 5*h - 5*a + 35 = 0, 4 = -n*h - a - 14. Give y(h).
3
Let m = 129 + -191. Let u = m - -68. Let w(k) = k**3 - 5*k**2 - 7*k + 9. Calculate w(u).
3
Let d = 8 - 3. Suppose 0*p + 25 = d*p. Suppose 0 = p*h + 1 - 21. Let l(q) = 2*q - 1. Calculate l(h).
7
Let g be (-3)/(-1 + 4)*-5. Let q(x) = -14*x**3 - 14*x**2 + 2*x + 6. Let p(f) = 11*f**3 + 12*f**2 - f - 5. Let v(d) = 5*p(d) + 4*q(d). Calculate v(g).
-11
Let a(h) = 3*h - 11. Suppose -13*n - 101 = 16. What is a(n)?
-38
Let k(t) = 8*t + 5. Let d(o) = o**2 - 9*o + 9. Let v be d(8). Let y(p) = p + 1. Let x(r) = v*k(r) - 6*y(r). Calculate x(1).
1
Let b(i) = -457*i + 910*i + 19 - 450*i. Determine b(-6).
1
Let x(l) be the third derivative of -1/120*l**6 + 0*l + 0 - 8*l**2 - 2/3*l**3 - 1/20*l**5 + 1/12*l**4. Give x(-4).
4
Let f(w) = -3*w**2 - 3*w - 1. Let b be ((-6)/8)/((-11)/(-4) + -3). Suppose 5*a + 7 = -b. What is f(a)?
-7
Let y be (-8)/(-44) - (-12)/(-66). Let x(t) = 3*t. Determine x(y).
0
Let y(g) = 3 + 4 - 27*g + 3 + 1 + 28*g. Give y(0).
11
Let y = 22 - 18. Let f be ((-2)/y)/(8 - (-141)/(-18)). Let z(o) = 2*o - 3. Give z(f).
-9
Let x(f) = -f**2. Let a(j) = 5*j**2 + j + 1. Let t(s) = -a(s) - 6*x(s). Let n = -282 - -281. Determine t(n).
1
Suppose -3*a + 37 = -2*k + 36, 0 = 3*k - 5*a. Let z(g) be the second derivative of g**3/3 + 2*g